90061?
False
Is 95 a factor of 1371530295?
True
Is 2 a factor of 133997014?
True
Does 23 divide 25166271?
False
Does 992 divide 859061088?
True
Does 11 divide 88832578?
False
Is 24 a factor of 359896921?
False
Does 3 divide 936756?
True
Is 8 a factor of 66819286?
False
Is 689183035 a multiple of 371?
False
Is 49153290 a multiple of 62?
True
Is 42444366 a multiple of 402?
True
Is 14417919 a multiple of 27?
True
Is 456463800 a multiple of 12?
True
Is 246489095 a multiple of 1149?
False
Does 11 divide 3038629913?
True
Is 5244647 a multiple of 9?
False
Is 446 a factor of 692165240?
True
Is 217 a factor of 30860004?
True
Is 75699747 a multiple of 3?
True
Is 1051 a factor of 1229613149?
False
Is 976561300 a multiple of 7150?
True
Is 55 a factor of 931837885?
True
Is 56367780 a multiple of 675?
False
Is 41354562 a multiple of 6?
True
Does 397 divide 32736223?
True
Is 47093400 a multiple of 1224?
True
Is 7 a factor of 110902871?
False
Does 3 divide 80528430?
True
Is 935058079 a multiple of 21?
False
Does 103 divide 18280440?
True
Is 32 a factor of 151472907?
False
Is 176378125 a multiple of 7?
True
Is 568 a factor of 22118281?
False
Is 376022088 a multiple of 468?
True
Is 5343607244 a multiple of 134?
True
Is 650373995 a multiple of 18?
False
Is 92241100 a multiple of 1252?
True
Is 10660111 a multiple of 11?
True
Is 12 a factor of 1643242308?
True
Does 2997 divide 50255235?
False
Is 307 a factor of 264078156?
False
Is 262803511 a multiple of 99?
False
Does 3 divide 2811078?
True
Does 317 divide 352675497?
True
Is 78201530 a multiple of 374?
True
Does 673 divide 296698202?
False
Is 131 a factor of 147581129?
False
Is 1118112130 a multiple of 2510?
True
Does 421 divide 24185251?
False
Does 36 divide 3400252407?
False
Is 2441 a factor of 134816?
False
Is 7 a factor of 134204724?
False
Is 2784 a factor of 32805875?
False
Does 238 divide 53485026?
True
Is 18 a factor of 2481910182?
True
Does 916 divide 55186252?
True
Does 6 divide 40039176?
True
Is 792 a factor of 103607856?
True
Does 61 divide 16247472?
True
Is 42686784 a multiple of 126?
True
Does 165 divide 236681940?
True
Is 253 a factor of 10626?
True
Is 97 a factor of 9983434?
True
Is 458 a factor of 37696505?
False
Is 1351918917 a multiple of 8847?
True
Is 2154183600 a multiple of 66?
False
Is 78 a factor of 537803334?
False
Is 34 a factor of 31621428?
True
Does 12 divide 1894972587?
False
Does 199 divide 175320194?
True
Is 306166008 a multiple of 40?
False
Is 826 a factor of 208510681?
False
Is 13 a factor of 44127382?
True
Is 17347824 a multiple of 39?
True
Is 282 a factor of 16300875?
False
Does 302 divide 5988660?
True
Is 29 a factor of 12432732?
False
Is 17 a factor of 3005405741?
True
Is 386753248 a multiple of 32?
True
Is 4470041 a multiple of 9?
False
Does 451 divide 60276601?
True
Is 6204422 a multiple of 398?
True
Is 111627280 a multiple of 496?
True
Does 113 divide 51788352?
True
Is 122264716 a multiple of 87?
False
Does 8 divide 329191360?
True
Does 1205 divide 43592080?
True
Does 87 divide 83745018?
False
Is 428826273 a multiple of 393?
True
Does 2388 divide 131957491?
False
Is 25 a factor of 66112950?
True
Does 3 divide 1788207?
True
Does 375 divide 5418000?
True
Is 12 a factor of 75774306?
False
Does 105 divide 18178951?
False
Does 4474 divide 772107058?
False
Is 5611980623 a multiple of 15?
False
Is 28084419 a multiple of 1375?
False
Is 730 a factor of 28747180?
False
Is 181 a factor of 1025840515?
False
Is 24 a factor of 31488430?
False
Is 1807633902 a multiple of 473?
False
Does 8 divide 6534456?
True
Does 791 divide 42403137?
True
Does 27 divide 268497342?
True
Does 10449 divide 1676869986?
False
Is 300824510 a multiple of 378?
False
Does 48 divide 26833431?
False
Does 5499 divide 159690960?
True
Is 41 a factor of 915312413?
True
Does 97 divide 463031977?
False
Does 2132 divide 411541172?
False
Is 4158 a factor of 58710960?
True
Is 20703551 a multiple of 378?
False
Does 38 divide 28610542?
True
Is 12 a factor of 202936692?
True
Does 33 divide 269640294?
True
Is 27280170 a multiple of 2728?
False
Does 8 divide 3177704?
True
Does 2404 divide 344484537?
False
Does 10391 divide 4113650432?
False
Is 1258088245 a multiple of 1739?
True
Is 49 a factor of 87005233?
True
Is 136032128 a multiple of 272?
False
Does 79 divide 887744109?
False
Is 892393846 a multiple of 394?
True
Does 58 divide 114198056?
True
Is 38 a factor of 269277386?
True
Is 50 a factor of 91057662?
False
Is 946413295 a multiple of 503?
False
Is 535521280 a multiple of 2480?
True
Does 8003 divide 274366849?
True
Is 378 a factor of 10473339?
False
Does 5424 divide 21983472?
True
Is 70226134 a multiple of 11?
True
Is 40789660 a multiple of 28?
False
Is 595 a factor of 262729390?
True
Is 140194802 a multiple of 251?
False
Is 23 a factor of 15274679?
False
Is 755 a factor of 665265344?
False
Is 8622 a factor of 2572227126?
True
Is 70660172 a multiple of 2501?
False
Does 1385 divide 40737005?
True
Is 1203 a factor of 288615339?
True
Is 983872450 a multiple of 170?
True
Is 35 a factor of 591080?
True
Is 25 a factor of 7389955011?
False
Is 9 a factor of 547486344?
True
Is 34 a factor of 668584126?
True
Is 1091 a factor of 3207441723?
False
Does 94 divide 735678294?
False
Is 35 a factor of 3095085?
True
Is 446 a factor of 55510944?
True
Is 676763018 a multiple of 1883?
False
Is 1688 a factor of 32941320?
True
Is 11935124 a multiple of 29?
True
Is 156 a factor of 179280014?
False
Does 8 divide 68665823?
False
Is 10098944 a multiple of 8?
True
Does 19 divide 107987924?
False
Is 79 a factor of 507766496?
True
Does 5427 divide 329508012?
False
Does 3724 divide 2662432836?
True
Is 751266001 a multiple of 41?
True
Does 5 divide 19631800?
True
Does 212 divide 1365420490?
False
Does 36 divide 36243193?
False
Does 208 divide 28842320?
True
Is 5651604 a multiple of 246?
True
Does 315 divide 3599014144?
False
Does 24 divide 81370680?
True
Is 133658601 a multiple of 486?
False
Is 5990902 a multiple of 326?
True
Does 68 divide 35938904?
False
Does 782 divide 56676232?
True
Does 18 divide 45105955?
False
Does 3378 divide 6258089556?
True
Does 89 divide 381799053?
True
Does 5 divide 28825209?
False
Is 2853 a factor of 2032391619?
False
Is 3740318 a multiple of 5?
False
Is 265 a factor of 1779727810?
True
Does 176 divide 7736080?
True
Is 632335455 a multiple of 6?
False
Does 110 divide 70231229?
False
Is 152823 a multiple of 8?
False
Is 1903 a factor of 4157050?
False
Is 194666531 a multiple of 277?
False
Is 5 a factor of 264656721?
False
Is 162 a factor of 217355670?
False
Is 121 a factor of 4125228316?
True
Is 200243318 a multiple of 1532?
False
Is 904 a factor of 1147597078?
False
Does 352 divide 32023402?
False
Is 99 a factor of 819762?
False
Does 2800 divide 3439268000?
True
Does 248 divide 12937168?
True
Is 25 a factor of 860640000?
True
Is 924633392 a multiple of 16?
True
Does 157 divide 741829867?
True
Is 1871180108 a multiple of 120?
False
Is 1528 a factor of 416914122?
False
Is 419822396 a multiple of 7693?
True
Is 654063283 a multiple of 41?
True
Does 2545 divide 665382477?
False
Does 55 divide 7032410?
True
Does 34 divide 94353298?
True
Is 26401495 a multiple of 4?
False
Does 476 divide 206925292?
True
Does 62 divide 16967867?
False
Is 34526648 a multiple of 2425?
False
Is 33581208 a multiple of 76?
True
Does 2 divide 1549034?
True
Is 124289191 a multiple of 50?
False
Is 25598327 a multiple of 3747?
False
Is 4401826 a multiple of 26?
True
Does 89 divide 90295436?
False
Does 11 divide 7228255?
False
Is 689637111 a multiple of 1325?
False
Is 11 a factor of 2300302708?
True
Is 60011393 a multiple of 13?
True
Does 31 divide 907276566?
True
Is 486100992 a multiple of 6528?
True
Does 60 divide 456038880?
True
Is 58014828 a multiple of 1602?
True
Is 20 a factor of 426698079?
False
Is 3582 a factor of 1129150278?
True
Does 749 divide 140323224?
False
Is 444864 a multiple of 56?
True
Is 23476641 a multiple of 24?
False
Is 28828096 a multiple of 326?
False
Is 286046421 a multiple of 11?
False
Does 30 divide 5901300?
True
Is 1435952 a multiple of 28?
True
Is 1491186524 a multiple of 2250?
False
Is 16639412 a multiple of 124?
False
Does 2187 divide 269484898?
False
Is 96 a factor of 43905888?
True
Is 38 a factor of 29312794?
False
Does 15 d